{"id":129,"date":"2025-05-30T08:41:04","date_gmt":"2025-05-30T08:41:04","guid":{"rendered":"https:\/\/ebook.odwroconalogika.pl\/?page_id=129"},"modified":"2026-01-28T11:52:20","modified_gmt":"2026-01-28T11:52:20","slug":"strona-glowna","status":"publish","type":"page","link":"https:\/\/ebook.odwroconalogika.pl\/","title":{"rendered":""},"content":{"rendered":"<!-- PASEK CTA DO ANKIETY (wklej jako blok \u201eW\u0142asny HTML\u201d NAD sekcj\u0105 HERO) -->\n<div class=\"survey-bar\" role=\"region\" aria-label=\"Ankieta LaTeX\">\n  <div class=\"survey-bar__inner\">\n    <div class=\"survey-bar__text\">\n      <strong>Pom\u00f3\u017c mi zrobi\u0107 lepsze materia\u0142y o LaTeX<\/strong>\n      <span class=\"survey-bar__meta\">\u2022 ankieta 90 sekund \u2022 g\u0142\u00f3wnie klikanie \u2022 bez logowania<\/span>\n    <\/div>\n\n    <!-- Zmie\u0144 href na sw\u00f3j link: np. \/ankieta albo Google Forms -->\n    <a class=\"survey-bar__btn\" href=\"https:\/\/forms.gle\/b9Civ1xZAjGdejro8\" rel=\"nofollow noopener\">\n      Wype\u0142nij ankiet\u0119\n    <\/a>\n  <\/div>\n<\/div>\n\n<style>\n  .survey-bar{\n    width:100%;\n    background:#ecfeff;\n    border-bottom:1px solid #a5f3fc;\n  }\n  .survey-bar__inner{\n    max-width:900px;\n    margin:0 auto;\n    padding:14px 20px;\n    display:flex;\n    align-items:center;\n    justify-content:space-between;\n    gap:14px;\n  }\n  .survey-bar__text{\n    color:#0f172a;\n    line-height:1.25;\n    font-size:14px;\n  }\n  .survey-bar__text strong{\n    color:#053f7a;\n    font-weight:800;\n    display:block;\n    margin-bottom:2px;\n  }\n  .survey-bar__meta{\n    color:#334155;\n    font-size:13px;\n    opacity:.95;\n    display:block;\n  }\n  .survey-bar__btn{\n    background:#22c55e;\n    color:#fff;\n    padding:10px 16px;\n    border-radius:10px;\n    text-decoration:none;\n    font-weight:800;\n    white-space:nowrap;\n    display:inline-block;\n  }\n  .survey-bar__btn:hover{opacity:.95; transform:translateY(-1px); transition:all .12s ease;}\n  @media (max-width:700px){\n    .survey-bar__inner{flex-direction:column; align-items:stretch; text-align:center;}\n    .survey-bar__btn{width:100%; text-align:center;}\n  }\n<\/style>\n\n\n<!-- HERO \/ MINIMAL -->\n\n<div class=\"wp-block-cover__inner-container is-layout-flow wp-block-cover-is-layout-flow\"\n     style=\"max-width:900px;margin:0 auto;padding:80px 20px;\">\n\n  <div class=\"wp-block-cover__inner-container\" style=\"max-width:900px;margin:0 auto;text-align:center\">\n\n    <!-- Nag\u0142\u00f3wek -->\n    <h1 style=\"font-size:36px;font-weight:800;color:#053f7a;margin-bottom:12px;\">\n      Masz ju\u017c do\u015b\u0107 Worda?\n    <\/h1>\n    <p style=\"font-size:18px;color:#111;margin-bottom:40px;\">\n     Te 45 stron poka\u017c\u0105 Ci, jak pisa\u0107 prace i dokumenty<br>\n  bez r\u0119cznego formatowania, chaosu i walki z Wordem.\n    <\/p>\n\n    <!-- Dwie kolumny -->\n<div style=\"display:flex;flex-wrap:wrap;align-items:flex-start;justify-content:center;gap:40px;text-align:left;max-width:850px;margin:0 auto;\">\n\n  <!-- PDF preview \u2013 lewa kolumna -->\n  <div style=\"flex:0 0 360px;max-width:360px;text-align:center;\">\n    <div class=\"pdf-preview\">\n<a href=\"\/wp-content\/uploads\/LaTeX_z_Jozkiem_demo.pdf\" class=\"pdfemb-viewer\" style=\"height:520px;\" data-width=\"max\" data-height=\"520\" data-toolbar=\"bottom\" data-toolbar-fixed=\"off\">LaTeX_z_Jozkiem_demo<\/a>\n<div class=\"pdf-preview-actions\">\n<a href=\"\/wp-content\/uploads\/LaTeX_z_Jozkiem_demo.pdf\"\n   class=\"pdf-download\"\n   target=\"_blank\"\n   rel=\"noopener\"\n   data-file=\"latex-z-jozkiem\"\n   style=\"background:#22c55e;color:#fff;padding:12px 28px;border-radius:10px;text-decoration:none;font-weight:700;display:inline-block\">\n  Czytaj pr\u00f3bk\u0119\n<\/a>\n\n\n<\/div>\n\n    <\/div>\n  <\/div>\n\n<!-- Korzy\u015bci + CTA --> <div style=\"flex:1 1 380px;max-width:440px;\">\n\n <ul style=\"color:#111;line-height:1.75;margin:0 0 24px;padding-left:20px;\"> <li><strong>Bez lania wody<\/strong>: efekty ju\u017c po kilku stronach czytania (bez roztrz\u0105sania historii LaTeX-a &#8212; liczy si\u0119 efekt).<\/li> <li><strong>Podstawy LaTeX-a:<\/strong> zaczniesz po prostu pisa\u0107 (wyskocz z samolotu, spadochron zbudujesz p\u00f3\u017aniej).<\/li> <li><strong>Automatyzacja:<\/strong> Spis tre\u015bci, numeracja rysunk\u00f3w i tabel. Gotowe przyk\u0142ady (nawet jest multirow).<\/li> <li><strong>Prosta bibliografia:<\/strong> zacznij ju\u017c dzi\u015b z natbib, intuicyjne rozwi\u0105zanie dla ka\u017cdego (BibTeX zostawimy na p\u00f3\u017aniej).<\/li> <li><strong>Wzory:<\/strong> to temat na osobn\u0105 ksi\u0105\u017ck\u0119, w tym ebooku poka\u017c\u0119 Ci kilka przyk\u0142ad\u00f3w.<\/li> <li><strong>Odwo\u0142ania:<\/strong> do rysunk\u00f3w, tabel, wzor\u00f3w.<\/li> <\/ul> <!-- Cena i przycisk -->\n<p style=\"font-size:13px;color:#6b7280;margin:0 0 10px;line-height:1.4;text-align:center;\">\n  <span style=\"display:inline-block;background:#ecfeff;border:1px solid #a5f3fc;color:#0f172a;padding:2px 8px;border-radius:999px;font-weight:700;margin-right:6px;\">\n    INFO\n  <\/span>\n  <strong>Pr\u00f3bka jest darmowa.<\/strong> Pe\u0142ny e-book (PDF) dostajesz po zakupie.\n<\/p>\n    <div style=\"background:#f9fafb;border:1px solid #e5e7eb;border-radius:12px;padding:16px 20px;text-align:center;\">\n      <p style=\"margin:0;font-size:14px;color:#6b7280;\">E-book LaTeX z J\u00f3zkiem<\/p>\n      <p style=\"font-size:28px;font-weight:800;color:#053f7a;margin:4px 0;\">Tylko 29 z\u0142<\/p>\n      <a id=\"kup\" href=\"https:\/\/sklep.odwroconalogika.pl\/index.php?controller=cart&#038;add=1&#038;id_product=27&#038;qty=1\"\n         style=\"background:#22c55e;color:#fff;padding:12px 28px;border-radius:10px;text-decoration:none;font-weight:700;display:inline-block\">\n        Kup pe\u0142n\u0105 wersj\u0119 (PDF) &#8212; 29 z\u0142!\n      <\/a>\n      <p style=\"font-size:12px;color:#94a3b8;margin-top:8px\">\n        P\u0142atno\u015bci obs\u0142uguje Autopay \/ BLIK \u2022 dost\u0119p od razu\n      <\/p>\n    <\/div>\n  <\/div>\n\n<\/div>\n\n\n\n<!-- Responsywno\u015b\u0107 \/ drobne UX -->\n<style>\n  @media (max-width:900px){\n    .hero-section h1{font-size:30px!important}\n    .hero-section p{font-size:16px!important}\n  }\n  @media (max-width:700px){\n    .hero-section div[style*=\"display:flex\"]{flex-direction:column!important;text-align:center!important}\n    .hero-section ul{max-width:320px;margin:0 auto 24px;text-align:left}\n  }\n  .hero-section a:hover{opacity:.95;transform:translateY(-1px);transition:all .12s ease}\n<\/style>\n","protected":false},"excerpt":{"rendered":"<p>Pom\u00f3\u017c mi zrobi\u0107 lepsze materia\u0142y o LaTeX \u2022 ankieta 90 sekund \u2022 g\u0142\u00f3wnie klikanie \u2022 bez logowania Wype\u0142nij ankiet\u0119<\/p>\n","protected":false},"author":1,"featured_media":144,"parent":0,"menu_order":0,"comment_status":"closed","ping_status":"closed","template":"","meta":{"_themeisle_gutenberg_block_has_review":false,"footnotes":""},"class_list":["post-129","page","type-page","status-publish","has-post-thumbnail","hentry"],"blocksy_meta":[],"_links":{"self":[{"href":"https:\/\/ebook.odwroconalogika.pl\/index.php?rest_route=\/wp\/v2\/pages\/129","targetHints":{"allow":["GET"]}}],"collection":[{"href":"https:\/\/ebook.odwroconalogika.pl\/index.php?rest_route=\/wp\/v2\/pages"}],"about":[{"href":"https:\/\/ebook.odwroconalogika.pl\/index.php?rest_route=\/wp\/v2\/types\/page"}],"author":[{"embeddable":true,"href":"https:\/\/ebook.odwroconalogika.pl\/index.php?rest_route=\/wp\/v2\/users\/1"}],"replies":[{"embeddable":true,"href":"https:\/\/ebook.odwroconalogika.pl\/index.php?rest_route=%2Fwp%2Fv2%2Fcomments&post=129"}],"version-history":[{"count":308,"href":"https:\/\/ebook.odwroconalogika.pl\/index.php?rest_route=\/wp\/v2\/pages\/129\/revisions"}],"predecessor-version":[{"id":738,"href":"https:\/\/ebook.odwroconalogika.pl\/index.php?rest_route=\/wp\/v2\/pages\/129\/revisions\/738"}],"wp:featuredmedia":[{"embeddable":true,"href":"https:\/\/ebook.odwroconalogika.pl\/index.php?rest_route=\/wp\/v2\/media\/144"}],"wp:attachment":[{"href":"https:\/\/ebook.odwroconalogika.pl\/index.php?rest_route=%2Fwp%2Fv2%2Fmedia&parent=129"}],"curies":[{"name":"wp","href":"https:\/\/api.w.org\/{rel}","templated":true}]}}